eatest common factor of 3007106 and 4064.
254
Calculate the greatest common divisor of 192 and 806564032.
64
What is the highest common divisor of 23563233 and 41?
41
What is the highest common divisor of 101170296 and 243?
81
Calculate the highest common factor of 39 and 431639.
13
Calculate the greatest common factor of 681471427 and 743.
743
Calculate the greatest common divisor of 69544 and 76040.
8
Calculate the highest common divisor of 3621147 and 4023.
447
Calculate the greatest common factor of 452140 and 40560.
260
What is the greatest common divisor of 267804765 and 675?
135
Calculate the greatest common factor of 1980780 and 1260.
60
What is the highest common divisor of 143 and 218390029?
143
Calculate the highest common factor of 3996440 and 1470.
490
Calculate the greatest common factor of 3436068 and 36.
12
What is the greatest common factor of 5958364 and 340?
68
Calculate the highest common factor of 6878500 and 500.
500
Calculate the greatest common factor of 4 and 36956891.
1
Calculate the greatest common factor of 8908 and 3211596.
524
What is the greatest common divisor of 2790496 and 128?
32
What is the greatest common divisor of 14 and 6204842?
14
Calculate the highest common factor of 8608096 and 30793.
581
What is the greatest common divisor of 85 and 44865533?
17
What is the greatest common divisor of 58458 and 606?
6
Calculate the highest common divisor of 9430 and 21493799.
943
Calculate the highest common divisor of 84343994 and 27342.
3038
What is the highest common divisor of 10544 and 51?
1
What is the greatest common divisor of 2245 and 877535?
5
Calculate the highest common factor of 440907 and 31728666.
8319
What is the highest common divisor of 28063017 and 43416?
5427
Calculate the greatest common divisor of 63224729 and 235.
47
Calculate the greatest common factor of 45108 and 1360800.
252
Calculate the greatest common factor of 3904 and 1147865792.
3904
Calculate the highest common divisor of 78 and 1518114.
78
Calculate the highest common divisor of 15 and 5403855.
15
What is the highest common factor of 19395 and 1422?
9
Calculate the greatest common divisor of 161427 and 483.
21
Calculate the highest common divisor of 11026 and 680486129.
5513
Calculate the highest common factor of 4814940 and 120.
60
Calculate the greatest common divisor of 49956 and 553748.
92
What is the highest common factor of 289184 and 270880?
32
What is the highest common divisor of 357 and 14631519?
21
Calculate the greatest common divisor of 6191 and 2319662453.
6191
What is the highest common factor of 12938289 and 91?
91
Calculate the highest common divisor of 1424 and 1781068.
356
Calculate the greatest common factor of 16268592 and 3708.
12
Calculate the greatest common divisor of 22518 and 8978796.
54
What is the greatest common factor of 272805 and 305?
5
What is the highest common factor of 237631324 and 1162?
1162
What is the highest common divisor of 59175 and 48000?
75
Calculate the highest common divisor of 1464 and 258884.
244
Calculate the greatest common factor of 122704 and 262.
2
Calculate the greatest common factor of 2990404760 and 10.
10
What is the highest common divisor of 3572 and 16141868?
3572
Calculate the greatest common factor of 30705 and 690345.
345
Calculate the highest common divisor of 952 and 19672604.
476
Calculate the greatest common factor of 46728 and 123750.
198
Calculate the highest common factor of 412760 and 1840.
40
What is the highest common factor of 84531747 and 10968?
1371
What is the greatest common divisor of 224 and 8453186?
14
Calculate the greatest common factor of 871 and 18593.
1
Calculate the highest common divisor of 17082 and 570726.
234
What is the highest common factor of 519376 and 19008?
176
Calculate the highest common divisor of 364065 and 83460.
195
Calculate the greatest common factor of 8073949 and 23881.
2171
What is the greatest common factor of 4138177 and 298?
149
Calculate the highest common divisor of 1224793 and 164.
41
What is the highest common divisor of 279971665 and 15?
5
What is the highest common divisor of 1141 and 13784584?
163
Calculate the highest common divisor of 24697154 and 116.
58
What is the highest common divisor of 632 and 48606804?
316
Calculate the highest common divisor of 49 and 1872976.
49
Calculate the greatest common divisor of 153 and 234027.
9
Calculate the highest common divisor of 15 and 7422185.
5
What is the greatest common divisor of 43708 and 62965?
49
What is the greatest common divisor of 5970 and 10992561?
597
What is the greatest common divisor of 985052844 and 9?
9
Calculate the highest common factor of 525852 and 517196.
2164
Calculate the highest common divisor of 97243542 and 198.
198
Calculate the greatest common factor of 16005 and 64967496.
3201
What is the highest common factor of 3654155 and 843520?
3295
Calculate the greatest common divisor of 252 and 90020.
28
What is the greatest common factor of 76687020 and 135?
135
Calculate the greatest common factor of 169 and 5595967.
13
What is the highest common divisor of 2562 and 3140298?
42
What is the greatest common factor of 1985333 and 45570?
1519
Calculate the highest common factor of 1406 and 75416434.
1406
Calculate the highest common factor of 51084217 and 5092.
1273
What is the highest common factor of 424 and 10826734?
106
What is the greatest common factor of 164 and 229125548?
164
Calculate the greatest common divisor of 12730347 and 162729.
441
Calculate the highest common factor of 6507534 and 22704.
2838
What is the highest common divisor of 114810 and 45015?
15
What is the greatest common divisor of 139229674 and 5298?
1766
What is the highest common divisor of 295190738 and 126302?
11482
Calculate the highest common divisor of 38700 and 10595716.
172
Calculate the highest common factor of 1907946 and 226.
2
Calculate the highest common divisor of 317664 and 2448.
144
Calculate the highest common divisor of 48800 and 365480.
40
Calculate the greatest common factor of 22136015 and 4092.
341
What is the greatest common factor of 1694 and 14238917?
847
Calculate the highest common divisor of 17716 and 281478.
86
Calculate the highest common divisor of 636 and 592707957.
159
What is the highest common factor of 1840 and 32510960?
1840
Calculate the greatest common divisor of 10012392 and 9880.
1976
Calculate the highest common divisor of 2 and 9033396.
2
Calculate the highest common divisor of 375 and 17736.
3
What is the greatest common divisor of 153575268 and 4620?
924
Calculate the highest common factor of 184 and 13146616.
184
What is the highest common divisor of 4501793 and 932?
233
Calculate the highest common divisor of 175934500 and 4500.
500
What is the greatest common divisor of 824 and 1401394928?
824
What is the greatest common divisor of 828062721 and 207?
207
Calculate the highest common factor of 68403612 and 564.
564
Calculate the greatest common divisor of 24807790 and 306530.
10570
What is the greatest common factor of 20701 and 10269?
163
What is the highest common factor of 70340 and 18660?
20
Calculate the highest common divisor of 27947079 and 108.
27
Calculate the highest common divisor of 25289 and 24357905.
2299
Calculate the highest common factor of 17376058 and 70.
14
Calculate the greatest common factor of 312885 and 11985.
255
What is the highest common factor of 155 and 362638?
31
What is the highest common divisor of 280891 and 27931?
527
Calculate the greatest common divisor of 141918477 and 298.
149
What is the highest common factor of 45105 and 2793348?
93
Calculate the greatest common divisor of 28 and 25486454.
14
What is the highest common divisor of 47680 and 371520?
320
What is the greatest common factor of 4786997 and 358?
179
Calculate the highest common factor of 160 and 975264.
32
Calculate the greatest common divisor of 42757418 and 590.
118
Calculate the greatest common factor of 2826 and 58554.
18
What is the highest common factor of 1604468 and 213564?
5476
Calculate the greatest common factor of 49063 and 11309.
43
Calculate the greatest common divisor of 763854782 and 89.
89
Calculate the greatest common divisor of 83841964 and 17196.
5732
What is the greatest common factor of 3196967 and 5414?